 - 3*d - 4*u + 891 = 0. Suppose -w + 40 = 4*q, 0 = 4*w - 4*q - 123 - 57. What is the remainder when d is divided by w?
43
Let i(n) = 14*n**2 - n**2 - 21*n + 5*n + 7 - 14*n**2. Calculate the remainder when 84 is divided by i(-15).
18
Let g = -46 - -56. Let i = -1 + g. Calculate the remainder when ((-8)/1)/((-2)/4) is divided by i.
7
Suppose 3*a = 4*a + 12. Let g = 15 + a. What is the remainder when 8 is divided by g?
2
Suppose 18*x - 332 = 14*x. What is the remainder when x is divided by 22?
17
Let i = 37 + -31. Suppose 0 = 4*u - 13 - 7. Calculate the remainder when i is divided by u.
1
Let r(n) = -113*n + 112. Let i(k) = -75*k + 75. Let m(g) = 7*i(g) - 5*r(g). What is the remainder when m(4) is divided by 16?
13
Let s = 31 + -30. Let q be (22 + -3)/s*1. Suppose 3*t - z - 60 - 9 = 0, q = t + z. What is the remainder when t is divided by 12?
10
What is the remainder when 55/66*(-63)/(-10)*32 is divided by 10?
8
Let o(t) = -11*t**3 + 2*t**2 + 2*t + 1. Suppose -14 = 3*b + 4*u, b + 4*b + u = -29. Calculate the remainder when ((-206)/b - 2) + 18/27 is divided by o(-1).
9
Let w(p) = -p**3 + 6*p**2 + 4*p - 4. Let f(l) = -7*l + 1. Let v be f(1). Let a(n) = n**2 + n - 8. Calculate the remainder when w(5) is divided by a(v).
19
Suppose 0 = 2*h + 3*f - 1138, -4 + 12 = 4*f. What is the remainder when h is divided by 19?
15
Suppose 4 = -4*h + 2*y, 5*y - 18 = 2*h + 8*y. Let n(i) = -2*i**3 - 3*i**2 - 3. What is the remainder when 34 is divided by n(h)?
10
Suppose 4*d - 49 - 611 = 0. Suppose 0*p = -p - 4*c - 1, 2*p = c + 7. Calculate the remainder when 42 is divided by (p/9)/(5/d).
9
Suppose 12 = 3*z - 2*v - 9, 5*z = -3*v + 16. Calculate the remainder when z is divided by 2.
1
Suppose 0 = 4*r - 2*r + 12. Let s = 1218 + -1209. What is the remainder when 10*3/(r/(-7)) is divided by s?
8
Suppose 2*d = 4*d - 244. What is the remainder when d is divided by 29 + 0/2 + -233 + 229?
22
Suppose -h + 3*h = 110. Calculate the remainder when 105 is divided by h.
50
Let n = -557 - -598. Calculate the remainder when 818 is divided by n.
39
Let g = 315 + -281. Calculate the remainder when g is divided by 9.
7
Suppose 2*h + 627 = 5*v, -4*v - h + 79 + 420 = 0. Suppose v - 1 = 31*u. Suppose b - a = 7, -4*b + 3*a + 33 = -0. Calculate the remainder when b is divided by u.
0
Let f(r) = r**3 - r**2 + 47. What is the remainder when f(0) is divided by (-113)/(-8) + 19/(-152)?
5
Let v = -56 + 91. Suppose -7*q = 6*q - 871. What is the remainder when q is divided by v?
32
Suppose 91*t = 74*t + 476. Calculate the remainder when 52 is divided by t.
24
Let o(f) = 5*f + 322. What is the remainder when 261 is divided by o(-60)?
19
Suppose -6*a + 82 = -3*a + 4*m, -2 = -2*m. What is the remainder when 110 is divided by a?
6
Suppose -348 = 146*f - 150*f. What is the remainder when f is divided by 45?
42
Let n = 26 - 51. Let i = 37 + n. Calculate the remainder when 82 is divided by i.
10
Let g(x) be the second derivative of -1/4*x**4 - 1/20*x**5 + 0*x**3 + 0 + 8*x + 1/2*x**2. What is the remainder when g(-6) is divided by 37?
35
Suppose -2*u - 4*y + 586 = 0, -4*u = -u - 5*y - 879. What is the remainder when u is divided by 42?
41
Let k(d) = d**2 - 23*d + 36. Calculate the remainder when 290 is divided by k(22).
10
Suppose -5*h + 5*i + 40 = -0*h, -i = 2*h - 28. Let r = 2 + h. What is the remainder when 27 is divided by r?
13
Suppose -73 = 11*w - 18. Let z(d) = d**3 + 3*d**2 - 11*d + 3. Calculate the remainder when 21 is divided by z(w).
5
Let f be (-5*(4 - -2))/(-1). Suppose 10*r + f = 13*r. Let k = 57 - r. Calculate the remainder when k is divided by 12.
11
Suppose -6*j + 1045 = 4*q - 5*j, 4*j - 512 = -2*q. Calculate the remainder when q is divided by 89.
84
Calculate the remainder when 100 is divided by ((-27)/12 + -3)/((-9)/24).
2
Let n(u) = -3*u**3 + 5*u**2 + 4*u + 4. Calculate the remainder when 147 is divided by n(-2).
27
Let w(g) = g**2 + 5*g. Let o be w(-5). Suppose o = -5*p + 10. Suppose 4*c = -5*v + 121, -4*c = 4*v - p*c - 92. What is the remainder when v is divided by 12?
9
Suppose 4*g - 2*j = -j + 101, -5*g + 5*j + 115 = 0. Suppose 4*u + g - 211 = -5*i, -i - 2*u + 31 = 0. What is the remainder when 80 is divided by i?
39
Let d(m) = 40*m - 46*m - 7 + 36*m. Calculate the remainder when d(3) is divided by 12.
11
Suppose -127*m + 3794 = -113*m. What is the remainder when m is divided by 16?
15
Suppose 2*i = -c + 18, 4*c - i + 90 = 9*c. Calculate the remainder when 156 is divided by c.
12
Suppose -8*a = -6*a - 52. What is the remainder when 74 is divided by a?
22
Suppose 0 = -3*y - 0*y - 4*d + 28, -4 = 2*d. Suppose y + 24 = n. Calculate the remainder when n is divided by 22.
14
What is the remainder when 132 is divided by 477/21 - 20/(-70)?
17
Suppose 5*g - r - 16 = 0, -3*g - 4*r = -r - 6. Let d(u) = 7*u**2 - 5*u + 8. Calculate the remainder when d(g) is divided by 15.
11
Suppose -9*m = -11*m + 18. Let k = 1 + m. What is the remainder when 49 is divided by k?
9
Suppose 0 = 4*m - 0*m - 2*v + 238, -m + 2*v = 58. What is the remainder when (m/(-50))/(2/30) is divided by 5?
3
Let r(p) = -2*p + 51. Let f be r(24). Suppose z + 2*z - 61 = -m, -123 = -3*m + f*z. Calculate the remainder when m is divided by 13.
7
Suppose 93 = -4*d - h - 177, d + 71 = -2*h. Let j = -8 - d. What is the remainder when j is divided by 20?
19
Suppose -3*c = 4*d + 159, -1 = 5*d - 5*c + 224. Let u = d - -58. Calculate the remainder when 59 is divided by u.
11
Let y = 4 - 2. Suppose y*q = 6*q - 8. Let b(l) = -l**3 - 2*l**2 + 12*l - 12. What is the remainder when b(-5) is divided by q?
1
Suppose 0 = 4*d - d + 6. Let p(q) = -q + 3. What is the remainder when 9 is divided by p(d)?
4
Let k(l) = -l + 102. Calculate the remainder when k(-20) is divided by 57.
8
Let z(i) = 2*i**3 + 21*i**2 + 21*i - 9. Calculate the remainder when 899 is divided by z(-9).
44
Calculate the remainder when 117 is divided by 6/(15/(-6)*12/(-75)).
12
Let z be (-2)/(-7) - 231/(-49). Suppose c - 5*c - 50 = -5*v, 0 = -z*v - 3*c + 85. Calculate the remainder when 39 is divided by v.
11
Suppose -6 = 2*v, 0 = -3*r + v + 45 + 21. Let q(n) = 20*n. Calculate the remainder when q(2) is divided by r.
19
Suppose -3*z + 8*z - 5*c - 200 = 0, 2*z + 3*c - 80 = 0. Suppose -36*g - z = -38*g. What is the remainder when 57 is divided by g?
17
Let d(n) = -2*n. Let b be d(-1). Suppose 0 = o + 5, 0*r + 2*r + b*o + 8 = 0. Suppose 218 + r = 3*q. Calculate the remainder when q is divided by 25.
23
Suppose -3 = v - 5. Suppose 99 = 3*m - v*b, 4*b + 31 = -3*m + 112. Calculate the remainder when 91 is divided by m.
29
Let z(b) = 4*b**2 + 6*b - 31. What is the remainder when 227 is divided by z(-6)?
73
Let y(n) = 7 + 4 + n - 1. Let f be y(12). Calculate the remainder when 2/(68/f + -3) is divided by 6.
4
Let v = 99 + -58. What is the remainder when v is divided by -8*1/(-2) + 3?
6
Suppose -553*t = -548*t - 445. Calculate the remainder when t is divided by 25.
14
Suppose 5*q - 2*q = 174. Suppose 0 = 8*w - 190 - 50. Calculate the remainder when q is divided by w.
28
Let o(k) = 3 - 11*k**3 + 5*k**2 - 14*k**3 + 27*k**3 - 6*k. Calculate the remainder when o(2) is divided by 7.
6
Suppose -51*u - 144 = -69*u. What is the remainder when 22 + -1 + 2 - 0 is divided by u?
7
Let j = 26 + -24. Suppose f - 3*f - 4*l = 10, j*f = -5*l - 10. Let c(d) = -7*d - 6. What is the remainder when c(f) is divided by 8?
5
Let o(g) = -13*g - 2. Let v be o(2). Let x = v + 32. What is the remainder when 15 is divided by x?
3
Let h = 25 - 0. Suppose -64 = -29*s + h*s. Calculate the remainder when s is divided by 9.
7
Let g(r) = 3*r**2 + 22*r + 34. Calculate the remainder when 246 is divided by g(-10).
18
Suppose 5*k + t + 9 = 2*k, -3*t - 3 = -3*k. Let b = 17 + -4. Calculate the remainder when (0 - 6)*2*k is divided by b.
11
Let w(t) = 5*t + 2. Let c(a) = 18*a**2 + 3*a - 2. Let z be c(1). Let x = -13 + z. Calculate the remainder when w(3) is divided by x.
5
Let d(t) = t**2 - 9*t - 30. What is the remainder when d(20) is divided by 12?
10
Let k = -41 + 56. Suppose 2*y + k = 5*y. Calculate the remainder when 14 is divided by y.
4
Let u = -16 - -68. Let w = u - 32. Calculate the remainder when 39 + 2 - 1*2 is divided by w.
19
Calculate the remainder when 41/(-4 + (-13)/(-3)) is divided by 62.
61
Suppose 3*v - z -